{"id":625,"date":"2017-05-16T10:00:19","date_gmt":"2017-05-16T07:00:19","guid":{"rendered":"http:\/\/laippa.fi\/?post_type=product&#038;p=625"},"modified":"2024-01-29T10:20:30","modified_gmt":"2024-01-29T10:20:30","slug":"clamp-pannat-din2817","status":"publish","type":"product","link":"https:\/\/laippa.fi\/?product=clamp-pannat-din2817","title":{"rendered":"Clamp pannat DIN2817"},"content":{"rendered":"<p><img fetchpriority=\"high\" decoding=\"async\" class=\"alignnone wp-image-622 size-medium\" src=\"https:\/\/laippa.fi\/wp-content\/uploads\/2017\/05\/Clamp-pannat-DIN2817-illustration-taulukko-300x244.jpg\" alt=\"\" width=\"300\" height=\"244\" srcset=\"https:\/\/laippa.fi\/wp-content\/uploads\/2017\/05\/Clamp-pannat-DIN2817-illustration-taulukko-300x244.jpg 300w, https:\/\/laippa.fi\/wp-content\/uploads\/2017\/05\/Clamp-pannat-DIN2817-illustration-taulukko.jpg 592w\" sizes=\"(max-width: 300px) 100vw, 300px\" \/><\/p>\n","protected":false},"excerpt":{"rendered":"<p>Clamp- kiristin EN 14420-3\/DIN 2817 mukaisesti letkukaroihin, joissa on olake clamp -kiristimelle. Suositellaan erityisesti k\u00e4ytett\u00e4v\u00e4ksi halkaisijaltaan suuremmille letkuille. Clamp-kiristinsarjan k\u00e4ytt\u00f6 uudelleen on helppoa.<\/p>\n<p>Valmistettu alumiinista, kiinnitet\u00e4\u00e4n nelj\u00e4ll\u00e4 ruuvilla ja mutterilla, toimitetaan t\u00e4ydellisen\u00e4 sarjana.<\/p>\n<p>&nbsp;<\/p>\n","protected":false},"featured_media":626,"template":"","meta":[],"product_brand":[],"product_cat":[237],"product_tag":[],"yst_prominent_words":[],"class_list":{"0":"post-625","1":"product","2":"type-product","3":"status-publish","4":"has-post-thumbnail","6":"product_cat-clamp-liittimet","8":"first","9":"outofstock","10":"featured","11":"taxable","12":"shipping-taxable","13":"purchasable","14":"product-type-variable"},"_links":{"self":[{"href":"https:\/\/laippa.fi\/index.php?rest_route=\/wp\/v2\/product\/625","targetHints":{"allow":["GET"]}}],"collection":[{"href":"https:\/\/laippa.fi\/index.php?rest_route=\/wp\/v2\/product"}],"about":[{"href":"https:\/\/laippa.fi\/index.php?rest_route=\/wp\/v2\/types\/product"}],"wp:featuredmedia":[{"embeddable":true,"href":"https:\/\/laippa.fi\/index.php?rest_route=\/wp\/v2\/media\/626"}],"wp:attachment":[{"href":"https:\/\/laippa.fi\/index.php?rest_route=%2Fwp%2Fv2%2Fmedia&parent=625"}],"wp:term":[{"taxonomy":"product_brand","embeddable":true,"href":"https:\/\/laippa.fi\/index.php?rest_route=%2Fwp%2Fv2%2Fproduct_brand&post=625"},{"taxonomy":"product_cat","embeddable":true,"href":"https:\/\/laippa.fi\/index.php?rest_route=%2Fwp%2Fv2%2Fproduct_cat&post=625"},{"taxonomy":"product_tag","embeddable":true,"href":"https:\/\/laippa.fi\/index.php?rest_route=%2Fwp%2Fv2%2Fproduct_tag&post=625"},{"taxonomy":"yst_prominent_words","embeddable":true,"href":"https:\/\/laippa.fi\/index.php?rest_route=%2Fwp%2Fv2%2Fyst_prominent_words&post=625"}],"curies":[{"name":"wp","href":"https:\/\/api.w.org\/{rel}","templated":true}]}}